
True
Is 63072964543 a prime number?
False
Is 2197677247 composite?
False
Is 233437399 a prime number?
False
Is 751457711 a prime number?
False
Is 174983591 composite?
False
Is 19645662607 a composite number?
True
Is 2411376703 a composite number?
True
Is 267802187 prime?
False
Is 1162671403 a composite number?
False
Is 48059773 prime?
True
Is 96832097 prime?
False
Is 3997500329 a prime number?
False
Is 1220227271 prime?
False
Is 2658332543 a prime number?
False
Is 212152519 a prime number?
True
Is 4013053339 composite?
True
Is 22644598339 composite?
True
Is 755016649 composite?
False
Is 462560989 a prime number?
False
Is 379122937 prime?
True
Is 1539053819 a prime number?
True
Is 85731266191 a prime number?
True
Is 2721101881 prime?
False
Is 327289 composite?
False
Is 6915334033 composite?
False
Is 5647834057 a composite number?
True
Is 76857370937 composite?
True
Is 3255763463 composite?
True
Is 83558238805 composite?
True
Is 1757836913 composite?
True
Is 160625598403 a prime number?
True
Is 843694801 prime?
True
Is 7632997219 a composite number?
False
Is 259025251 a prime number?
True
Is 1318694381 composite?
False
Is 1173843763 composite?
True
Is 289815377 a prime number?
True
Is 12643855333 a prime number?
False
Is 82718727793 a composite number?
True
Is 17448727 a prime number?
False
Is 289645124017 a composite number?
False
Is 12052015631 prime?
False
Is 33946200803 prime?
True
Is 9790683037 a prime number?
True
Is 5977328671 a prime number?
True
Is 9283574051 prime?
False
Is 185701457083 a composite number?
False
Is 107518513 a composite number?
False
Is 6891650849 composite?
True
Is 1958236807 composite?
False
Is 150248144021 a composite number?
False
Is 375535639 prime?
True
Is 1361415967 prime?
True
Is 135143061 a composite number?
True
Is 12381999109 composite?
True
Is 1087036187 composite?
True
Is 56568127949 prime?
True
Is 67988189 a prime number?
True
Is 387271093 prime?
False
Is 3224114863 a prime number?
False
Is 539226841327 a prime number?
True
Is 2855854927 composite?
False
Is 269567143 a prime number?
True
Is 767792161 a prime number?
False
Is 624987493 prime?
False
Is 445789031 a prime number?
False
Is 113801329 a prime number?
False
Is 114901773097 a prime number?
True
Is 738408179 a prime number?
False
Is 3144057757 prime?
True
Is 711614381 prime?
False
Is 135555146477 a composite number?
False
Is 9035073367 composite?
False
Is 39105586651 a prime number?
False
Is 10271565919 a composite number?
True
Is 502352447 a prime number?
False
Is 342488933 composite?
False
Is 86270122187 composite?
False
Is 7682023597 a composite number?
True
Is 11201061989 composite?
True
Is 17689088023 composite?
True
Is 3604746533 a composite number?
True
Is 1490615741 prime?
False
Is 157724919001 a composite number?
True
Is 203817613 a prime number?
False
Is 4224617171 a composite number?
True
Is 1167947938 a prime number?
False
Is 117774506521 composite?
True
Is 10892887 composite?
False
Is 177570179 a prime number?
True
Is 12342179779 composite?
False
Is 5806300261 composite?
False
Is 9271591045 composite?
True
Is 44594067533 prime?
True
Is 255270554771 composite?
True
Is 18363227997 a prime number?
False
Is 73037771437 composite?
False
Is 7018099843 a prime number?
False
Is 3870843829 a prime number?
False
Is 1432050791 prime?
True
Is 955360909 composite?
True
Is 227139127 composite?
True
Is 2245018469 composite?
False
Is 6283733047 a composite number?
False
Is 21215473619 composite?
True
Is 101271629 a composite number?
False
Is 1380417257 a prime number?
True
Is 318066691 composite?
False
Is 7476556147 a prime number?
False
Is 584502001 composite?
False
Is 236317381 composite?
False
Is 4515897341 a composite number?
True
Is 25539155791 composite?
False
Is 206828981 a prime number?
True
Is 48784613167 a prime number?
True
Is 72122201 composite?
True
Is 19371951829 prime?
True
Is 485188671733 a composite number?
False
Is 134976853 composite?
True
Is 1883650973 composite?
True
Is 21392718073 composite?
True
Is 228123143 prime?
True
Is 763431353 a composite number?
True
Is 20888306009 composite?
False
Is 951674987 a prime number?
True
Is 241857527 prime?
True
Is 123643103263 a prime number?
False
Is 48027281573 composite?
False
Is 61852873 a composite number?
False
Is 10944718199 a prime number?
False
Is 1131174029 composite?
True
Is 46223406491 prime?
True
Is 43948057 a prime number?
True
Is 8656223339 composite?
False
Is 14568282557 a prime number?
True
Is 1758608867 composite?
True
Is 32827039513 a composite number?
False
Is 2781556171 a composite number?
False
Is 20384967049 prime?
True
Is 52553077 composite?
True
Is 74407111819 composite?
True
Is 23824517 prime?
False
Is 926764327 composite?
False
Is 31798455989 a prime number?
True
Is 7918443727 a prime number?
True
Is 39639559 a prime number?
False
Is 239762779 prime?
False
Is 934645163 composite?
False
Is 1916331577 composite?
True
Is 13247271001 a prime number?
True
Is 541621141 prime?
True
Is 2842359141 a prime number?
False
Is 9318734567 composite?
True
Is 4060046071 composite?
True
Is 39199350331 a prime number?
True
Is 1937096503 prime?
False
Is 915311741 prime?
False
Is 3757199701 a composite number?
True
Is 29601730559 prime?
True
Is 3047000197 composite?
False
Is 32816199599 composite?
True
Is 1388194697 a composite number?
True
Is 236823767 composite?
False
Is 34455156661 a prime number?
True
Is 1418321659 a composite number?
False
Is 51611535847 prime?
False
Is 793933807 a composite number?
False
Is 184761843635 a prime number?
False
Is 2857924907 a prime number?
False
Is 5441833949 a composite number?
False
Is 109788607 a prime number?
False
Is 7990080809 composite?
False
Is 287090593 a prime number?
False
Is 81789016861 composite?
True
Is 1641613033 a prime number?
False
Is 1103423701 prime?
False
Is 3188410297 a prime number?
True
Is 12315957347 a prime number?
True
Is 627829117 a prime number?
False
Is 7383716297 prime?
False
Is 2103728021 prime?
True
Is 7228430789 composite?
False
Is 871035073 a composite number?
True
Is 1230849559 a prime number?
False
Is 3454274569 a prime number?
False
Is 778421053 composite?
False
Is 12287511143 composite?
False
Is 3659946215 prime?
False
Is 7765672223 composite?
False
Is 1592634541 a composite number?
True
Is 289246739 composite?
False
Is 186753239 composite?
True
Is 1085866081 a prime number?
True
Is 1309099873 prime?
False
Is 697525573 prime?
True
Is 3731169569 composite?
True
Is 2359253837 prime?
True
Is 35941260857 composite?
True
Is 276140268717 a prime number?
False
Is 11855104463 a prime number?
False
Is 785727391 composite?
False
Is 486446441 prime?
False
Is 10962924659 a composite number?
False
Is 281669497 a prime number?
True
Is 95335579 prime?
False
Is 7683095297 a composite number?
False
Is 6366934241 prime?
False
Is 21430601 composite?
True
Is 5576505013 composite?
True
Is 458611963 a composite number?
False
Is 755599753 a composite number?
False
Is 1171751653 prime?
True
Is 1158880453 a composite number?
False
Is 2241832259 prime?
False
Is 179351498381 a prime number?
False
Is 4341206113 composite?
True
Is 12761728883 a composite number?
False
Is 783345373 a prime number?
False
Is 6853374533 composite?
True
Is 272459219 a composite number?
True
Is 362773528213 prime?
True
Is 127513559 prime?
True
Is 1205396603 a composite number?
False
Is 3034091519 composite?
False
Is 175331842421 a prime number?
True
Is 773825257 a composite number?
True
Is 27882932351 prime?
False
Is 3450983029 a prime number?
False
Is 36048835241 a composite number?
True
Is 5551150937 a prime number?
True
Is 19974818242 prime?
False
Is 51911757247 composite?
True
Is 4836245701 a composite number?
True
Is 1298612839 a composite number?
True
Is 223309897 composite?
False
Is 41788531943 a prime number?
False
Is 6970152401 a composite number?
False
Is 1013816147 a composite number?
True
Is 37728409583 a prime number?
True
Is 54557688287 a composite number?
True
Is 113940617619 composite?
True
Is 7860495427 prime?
False
Is 765133751 a composite number?
False
Is 237530190091 a composite number?
True
Is 27019490503 prime?
True
Is 1251374617 composite?
False
Is 8983619153 prime?
False
Is 3626676461 prime?
False
Is 1396500733 prime?
True
Is 2787987